le of 20?
True
Is 29 a factor of 435?
True
Does 32 divide 3450?
False
Does 6 divide 10955?
False
Is 48 a factor of 1652?
False
Is 6311 a multiple of 47?
False
Does 30 divide 548?
False
Is 21 a factor of 464?
False
Does 6 divide 19534?
False
Is 1216 a multiple of 152?
True
Does 42 divide 293?
False
Is 45 a multiple of 5?
True
Is 2145 a multiple of 3?
True
Does 30 divide 7492?
False
Does 6 divide 216?
True
Does 66 divide 5016?
True
Does 8 divide 391?
False
Is 3300 a multiple of 49?
False
Is 14 a factor of 25187?
False
Does 189 divide 18619?
False
Is 61 a factor of 183?
True
Does 22 divide 5312?
False
Is 74 a factor of 58016?
True
Is 92095 a multiple of 113?
True
Does 45 divide 1604?
False
Is 9128 a multiple of 174?
False
Is 18755 a multiple of 31?
True
Is 9450 a multiple of 35?
True
Is 2643 a multiple of 58?
False
Is 32 a factor of 2912?
True
Is 16710 a multiple of 48?
False
Does 39 divide 59206?
False
Does 3 divide 371?
False
Is 829 a multiple of 2?
False
Is 29295 a multiple of 189?
True
Is 17 a factor of 186?
False
Is 5 a factor of 3940?
True
Does 7 divide 10979?
False
Is 13 a factor of 182?
True
Does 8 divide 4744?
True
Is 4 a factor of 411?
False
Does 7 divide 2968?
True
Is 114 a factor of 2004?
False
Is 9 a factor of 21413?
False
Does 7 divide 2282?
True
Is 768 a multiple of 16?
True
Does 71 divide 5735?
False
Is 103 a factor of 491?
False
Is 20 a factor of 140?
True
Does 60 divide 11160?
True
Is 4420 a multiple of 26?
True
Is 644 a multiple of 25?
False
Is 214 a factor of 185110?
True
Does 11 divide 29036?
False
Does 74 divide 60680?
True
Does 20 divide 444?
False
Is 28 a factor of 30156?
True
Is 5710 a multiple of 170?
False
Does 7 divide 575?
False
Is 514 even?
True
Is 166 a multiple of 11?
False
Is 20 a factor of 1153?
False
Is 23 a factor of 594?
False
Is 15 a factor of 3683?
False
Is 99 a multiple of 22?
False
Is 11 a factor of 11750?
False
Is 64836 a multiple of 9?
True
Does 75 divide 1221?
False
Is 633 a multiple of 19?
False
Is 1717 a multiple of 101?
True
Is 8 a factor of 152?
True
Does 44 divide 1716?
True
Is 25 a factor of 23329?
False
Is 23572 a multiple of 71?
True
Is 11 a factor of 122114?
False
Is 2782 a multiple of 26?
True
Is 17 a factor of 14552?
True
Is 4535 a multiple of 4?
False
Is 2365 a multiple of 11?
True
Is 16436 a multiple of 42?
False
Is 1106 a multiple of 13?
False
Does 9 divide 393?
False
Does 13 divide 13065?
True
Is 33 a factor of 48636?
False
Does 181 divide 19083?
False
Is 10 a factor of 3697?
False
Is 1682 a multiple of 29?
True
Does 15 divide 555?
True
Is 20 a factor of 63408?
False
Is 784 a multiple of 18?
False
Does 52 divide 988?
True
Is 990 a multiple of 24?
False
Does 6 divide 172?
False
Is 29 a factor of 348?
True
Is 457 a multiple of 43?
False
Is 40 a factor of 520?
True
Is 235 a multiple of 17?
False
Is 44604 a multiple of 24?
False
Is 20 a factor of 14094?
False
Is 6 a factor of 1644?
True
Does 15 divide 347?
False
Is 21456 a multiple of 144?
True
Is 3205 a multiple of 24?
False
Is 35 a factor of 35?
True
Does 183 divide 3660?
True
Is 7 a factor of 2941?
False
Is 54211 a multiple of 14?
False
Is 710 a multiple of 118?
False
Is 1752 a multiple of 4?
True
Does 18 divide 27666?
True
Does 44 divide 13288?
True
Is 99 a factor of 2368?
False
Does 2 divide 3072?
True
Is 18550 a multiple of 50?
True
Does 57 divide 7638?
True
Is 58 a factor of 395?
False
Does 75 divide 47325?
True
Does 3 divide 37?
False
Is 156 a factor of 3900?
True
Is 207 a factor of 9315?
True
Is 7 a factor of 68890?
False
Is 29 a factor of 2001?
True
Is 31052 a multiple of 4?
True
Is 8730 a multiple of 15?
True
Does 5 divide 2574?
False
Is 4953 a multiple of 127?
True
Is 7514 a multiple of 34?
True
Is 1732 a multiple of 22?
False
Does 12 divide 852?
True
Is 884 a multiple of 26?
True
Is 29 a factor of 19276?
False
Is 249 a multiple of 25?
False
Is 14 a factor of 17486?
True
Is 7317 a multiple of 17?
False
Is 14471 a multiple of 16?
False
Is 133616 a multiple of 14?
True
Does 38 divide 3724?
True
Is 1444 a multiple of 19?
True
Is 64 a factor of 321?
False
Is 19 a factor of 14044?
False
Is 9 a factor of 3096?
True
Does 25 divide 7675?
True
Is 225 a multiple of 75?
True
Is 72 a factor of 43920?
True
Is 6 a factor of 1392?
True
Is 507 a multiple of 15?
False
Is 50224 a multiple of 16?
True
Is 416 a multiple of 9?
False
Is 6960 a multiple of 174?
True
Is 15547 a multiple of 38?
False
Is 36 a factor of 13679?
False
Does 50 divide 4000?
True
Does 5 divide 374?
False
Does 22 divide 8316?
True
Is 16 a factor of 561?
False
Does 17 divide 2287?
False
Does 12 divide 55?
False
Does 7 divide 42311?
False
Does 21 divide 2415?
True
Does 5 divide 350?
True
Does 5 divide 25?
True
Does 19 divide 133?
True
Is 147 a factor of 1470?
True
Is 2 a factor of 35780?
True
Is 2552 a multiple of 2?
True
Is 54977 a multiple of 287?
False
Is 11 a factor of 12342?
True
Is 34 a factor of 167?
False
Is 99 a multiple of 11?
True
Is 553 a multiple of 94?
False
Is 188 a factor of 1204?
False
Does 119 divide 72947?
True
Does 14 divide 5394?
False
Is 41 a factor of 770?
False
Does 70 divide 630?
True
Is 45 a factor of 585?
True
Is 780 a multiple of 5?
True
Does 26 divide 5650?
False
Is 67 a factor of 34016?
False
Does 147 divide 6620?
False
Is 4496 a multiple of 16?
True
Does 24 divide 2304?
True
Is 2320 a multiple of 16?
True
Is 2338 a multiple of 34?
False
Is 3008 a multiple of 32?
True
Is 263 a factor of 11778?
False
Is 40 a factor of 1120?
True
Is 11095 a multiple of 12?
False
Does 56 divide 1456?
True
Is 65189 a multiple of 13?
False
Is 90 a factor of 13788?
False
Does 418 divide 135518?
False
Is 6 a factor of 611?
False
Is 311 a multiple of 55?
False
Is 2422 a multiple of 71?
False
Does 25 divide 1050?
True
Does 29 divide 435?
True
Does 27 divide 662?
False
Is 34405 a multiple of 7?
True
Is 204 a multiple of 12?
True
Does 9 divide 3105?
True
Does 54 divide 1674?
True
Does 72 divide 38520?
True
Is 288 a multiple of 6?
True
Is 11 a factor of 84601?
True
Is 50468 a multiple of 11?
True
Is 12656 a multiple of 16?
True
Does 6 divide 440?
False
Does 9 divide 5742?
True
Is 1126 a multiple of 20?
False
Does 34 divide 4318?
True
Is 12714 a multiple of 163?
True
Is 328 a multiple of 41?
True
Is 42 a factor of 1297?
False
Is 10 a factor of 19?
False
Is 42 a factor of 38733?
False
Is 1040 a multiple of 10?
True
Is 261 a factor of 44957?
False
Is 13 a factor of 1649?
False
Is 95 a factor of 31856?
False
Is 11758 a multiple of 45?
False
Does 22 divide 26312?
True
Is 37 a factor of 15082?
False
Does 60 divide 180?
True
Is 4 a factor of 43?
False
Does 72 divide 94464?
True
Is 735 a multiple of 35?
True
Is 322 a multiple of 30?
False
Is 151 a multiple of 13?
False
Does 21 divide 79842?
True
Is 72594 a multiple of 218?
True
Does 70 divide 21420?
True
Is 51548 a multiple of 49?
True
Is 35 a factor of 1412?
False
Is 476 a multiple of 7?
True
Is 7 a factor of 2801?
False
Is 6 a factor of 94?
False
Is 105 a factor of 64995?
True
Is 8 a factor of 272?
True
Is 1960 a multiple of 70?
True
Is 42 a factor of 2585?
False
Does 52 divide 3536?
True
Is 4 a factor of 2832?
True
Is 11717 a multiple of 131?
False
Is 34 a factor of 21853?
False
Is 9086 a multiple of 77?
True
Is 18258 a multiple of 21?
False
Does 105 divide 23868?
False
Is 14 a factor of 7126?
True
Does 18 divide 243?
False
Is 13 a factor of 260?
True
Does 24 divide 3624?
True
Does 22 divide 626?
False
Is 3 a factor of 507?
True
Is 41 a factor of 1635?
False
Is 34 a factor of 1972?
True
Does 14 divide 546?
True
Is 77 a factor of 2222?
False
Is 10356 a multiple of 12?
True
Does 29 divide 3799?
True
Does 9 divide 2898?
True
Is 9 a factor of 477?
True
Does 87 divide 6264?
True
Is 35 a factor of 1929?
False
Is 5 a factor of 52?
False
Is 103 a factor of 927?
True
Is 27 a factor of 2916?
True
Is 19136 a multiple of 104?
True
Does 13 divide 175?
False
Does 59 divide 472?
True
Does 12 divide 12891?
False
Is 14310 a multiple of 135?
True
Is 24 a factor of 1700?
False
Is 13 a factor of 2237?
False
Is 36 a factor of 3132?
True
Does 5 divide 71?
False
Does 26 divide 1482?
True
Does 20 divide 752?
False
Does 128 divide 128?
True
Does 96 divide 43629?
False
Is 19 a factor of 42060?
False
Is 8 a factor of 145?
False
Is 360 a multiple of 15?
True